common divisor of 699425 and 212605?
505
Calculate the greatest common factor of 118848 and 683328.
192
Calculate the greatest common factor of 59779092 and 5394.
174
What is the highest common factor of 15 and 1310535?
15
Calculate the greatest common divisor of 5872291 and 3849.
1283
What is the greatest common factor of 2 and 5229022?
2
Calculate the highest common factor of 350468 and 5412.
164
Calculate the greatest common factor of 374644 and 446092.
916
Calculate the highest common divisor of 6032 and 854659.
377
What is the highest common factor of 6222 and 897538018?
2074
Calculate the highest common divisor of 53 and 59566382.
53
What is the highest common divisor of 4511601 and 3492?
9
What is the highest common factor of 2886 and 122911854?
2886
Calculate the highest common factor of 6536 and 56408948.
3268
What is the greatest common divisor of 32149603 and 237?
79
What is the highest common factor of 207540245 and 1193?
1193
Calculate the highest common factor of 36532623 and 177.
177
What is the highest common divisor of 13946 and 3217122?
734
What is the highest common factor of 15386 and 289688?
98
Calculate the highest common divisor of 529615 and 1095.
365
Calculate the highest common factor of 6817122 and 169.
169
What is the greatest common factor of 13483197 and 2934?
1467
What is the greatest common factor of 6903 and 17517513?
2301
What is the greatest common factor of 965245 and 71?
71
Calculate the greatest common divisor of 3584 and 477176.
56
Calculate the greatest common divisor of 112392 and 207648.
504
What is the greatest common divisor of 64844 and 1287936?
2236
Calculate the greatest common factor of 377087461 and 71.
71
Calculate the greatest common factor of 53348080 and 11840.
2960
What is the greatest common divisor of 45146108 and 84?
28
Calculate the greatest common factor of 113481 and 1628316.
27
What is the highest common divisor of 370 and 731450410?
370
What is the greatest common divisor of 3110 and 437266?
622
Calculate the greatest common factor of 22471000 and 18584.
184
Calculate the greatest common factor of 23523861 and 1545.
309
What is the greatest common divisor of 1369719 and 49959?
117
Calculate the highest common divisor of 9680 and 74910.
110
Calculate the highest common factor of 946 and 243853.
43
What is the highest common divisor of 4672018 and 3614?
26
What is the highest common factor of 547973 and 7849?
47
Calculate the greatest common divisor of 102276280 and 80.
40
Calculate the greatest common divisor of 3500393 and 8671.
299
Calculate the highest common factor of 6987 and 69411.
51
Calculate the greatest common factor of 956 and 131438.
2
What is the greatest common divisor of 45 and 1368661995?
45
Calculate the greatest common factor of 3 and 26554917.
3
Calculate the greatest common factor of 593242 and 26.
26
What is the greatest common factor of 195238 and 352594?
2914
What is the greatest common factor of 506 and 15368144?
22
What is the greatest common factor of 4956 and 2654764?
1652
Calculate the highest common divisor of 11295893 and 125881.
2569
Calculate the greatest common factor of 26855 and 8615.
5
What is the highest common divisor of 5092 and 73378?
38
What is the greatest common divisor of 6600 and 495525?
75
What is the greatest common factor of 24 and 52188536?
8
Calculate the highest common factor of 468 and 3584568.
156
Calculate the highest common divisor of 31219806 and 86.
86
What is the greatest common factor of 31816 and 10004968?
776
Calculate the highest common divisor of 11035 and 5140103.
2207
What is the greatest common divisor of 100158457 and 987?
329
Calculate the greatest common factor of 445 and 29043815.
445
Calculate the greatest common divisor of 37 and 739303.
1
What is the greatest common factor of 645108906 and 7324?
3662
Calculate the greatest common factor of 16498 and 708962.
226
What is the highest common factor of 4850 and 54300115?
485
What is the greatest common divisor of 18 and 265408398?
18
Calculate the greatest common factor of 13245873 and 34.
17
What is the highest common divisor of 529042226 and 100954?
14422
What is the highest common factor of 206793 and 137931?
69
Calculate the greatest common factor of 130072 and 212.
4
Calculate the greatest common divisor of 670 and 10722814.
134
Calculate the highest common factor of 198330 and 6189810.
330
What is the highest common factor of 523247 and 812?
29
What is the greatest common factor of 2472 and 44334084?
1236
Calculate the greatest common factor of 1870 and 222730.
10
Calculate the highest common factor of 1368 and 3983008.
152
What is the highest common factor of 2119030 and 24360?
290
What is the highest common factor of 29 and 178093?
1
Calculate the greatest common factor of 1652 and 14429807.
413
What is the highest common factor of 163035488 and 896?
224
What is the greatest common factor of 1469364 and 1443?
39
What is the highest common factor of 19526126 and 138?
46
Calculate the highest common divisor of 240 and 5381805.
15
Calculate the highest common divisor of 2359515 and 950.
95
Calculate the greatest common divisor of 42327964 and 5684.
196
What is the highest common divisor of 14391 and 1173003?
39
What is the greatest common divisor of 3177 and 661169?
353
What is the greatest common divisor of 217113215 and 11?
11
Calculate the highest common divisor of 195808 and 28274.
422
What is the greatest common divisor of 18018577 and 17260?
863
Calculate the highest common factor of 22068 and 94968.
36
Calculate the highest common divisor of 4859 and 1171067590.
4859
Calculate the highest common divisor of 16244248 and 164424.
4216
What is the highest common divisor of 1775940 and 25140?
60
Calculate the greatest common divisor of 23529456 and 636.
636
Calculate the greatest common divisor of 3255 and 9186695.
1085
Calculate the highest common divisor of 49959 and 27.
9
What is the highest common divisor of 353 and 14109?
1
What is the highest common factor of 25004 and 19076?
76
What is the highest common divisor of 627 and 14064237?
627
What is the greatest common divisor of 813 and 1380880500?
813
What is the highest common divisor of 17274 and 9522?
6
Calculate the greatest common factor of 917 and 251426.
7
What is the highest common divisor of 433862026 and 2290?
458
Calculate the greatest common divisor of 35129 and 137.
1
Calculate the highest common factor of 1429750 and 1881.
19
What is the highest common factor of 7452368 and 11088?
1232
Calculate the highest common divisor of 657 and 17156898.
657
Calculate the greatest common factor of 132 and 5566077.
33
Calculate the highest common factor of 330 and 35501488.
22
Calculate the highest common divisor of 5577 and 1774669.
169
What is the greatest common factor of 4968704 and 9152?
832
What is the highest common divisor of 455 and 23095625?
35
What is the highest common divisor of 21 and 218528023?
7
Calculate the greatest common divisor of 19910 and 766480.
110
Calculate the greatest common factor of 6104448 and 288.
288
Calculate the highest common factor of 583617 and 691599.
2571
What is the highest common factor of 5980872 and 191937?
411
What is the highest common divisor of 2248266 and 11058?
582
What is the highest common factor of 270120 and 37320?
120
Calculate the highest common divisor of 1771 and 8965768.
161
Calculate the greatest common divisor of 1328100 and 114.
114
What is the greatest common divisor of 8031352 and 252?
28
Calculate the greatest common divisor of 25418489 and 623.
89
What is the highest common divisor of 60 and 9548280?
60
Calculate the greatest common factor of 401881578 and 798.
798
What is the greatest common divisor of 29741972 and 1716?
52
What is the highest common divisor of 10138256 and 12?
4
Calculate the highest common factor of 10892491 and 95.
19
What is the greatest common divisor of 12889207 and 559?
43
Calculate the highest common divisor of 610 and 118810.
10
What is the highest common factor of 832 and 2091401?
13
Calculate the greatest common divisor of 5775 and 27300350.
1925
Calculate the highest common divisor of 172926 and 48230.
26
What is the highest common divisor of 129224 and 83520?
232
What is the highest common divisor of 2473